-2)/(-6) + (-140)/(-30). Let b = 6 - m. What is the units digit of (175/28)/(b/4)?
5
Let z(n) be the first derivative of -4*n**2 + 18*n + 4. What is the tens digit of z(-8)?
8
Let q(d) be the third derivative of 5/6*d**3 + 7/24*d**4 + 0*d + 0 - 1/120*d**6 - 7*d**2 - 3/20*d**5. What is the tens digit of q(-10)?
3
Let c(d) = d**3 - 5*d**2 + 2*d + 4. Let s be c(4). Let r be s*29/2 + 3. Let f = 77 + r. What is the tens digit of f?
2
Suppose 2*p + 9 = -3*v + 4*p, -2*p = -6. Let i be 3 + 2 + (-3 - v). Suppose q + i*q - 12 = 0. What is the units digit of q?
3
Suppose 3*g - 2*g - 24 = 0. Suppose -a + 5*o = -5*a + 11, -3*o = a - 1. What is the tens digit of a + (0 - 1) + g?
2
Let y be 5/(-1) + 40/5. Suppose 55 = -4*i + r + 708, -461 = -y*i - 5*r. What is the tens digit of i?
6
Let l(n) = -42*n. Suppose 5*z - 28 = -103. Let j be (-6)/10 - (-6)/z. What is the units digit of l(j)?
2
Suppose 13*h - 33 = 10*h. Let p = 49 + h. What is the units digit of p?
0
Let z(u) = -u**3 - 2*u**2 + 1. What is the tens digit of z(-5)?
7
What is the hundreds digit of 210/(4*6/80)?
7
Let z = 17 - 6. Suppose -5*j - z = 29. Let x = 12 + j. What is the units digit of x?
4
Suppose 1011 = -7*h + 4427. What is the hundreds digit of h?
4
Let y be 1 + ((-22)/2)/((-2)/34). Suppose 0 = -42*f + 38*f + y. What is the units digit of f?
7
Suppose -5*g + 48 = 3*g. Suppose -25 = -g*q + 233. What is the tens digit of q?
4
Suppose 12*h - 2148 - 4224 = 0. What is the tens digit of h?
3
Let r = -12 + 12. Suppose -l + 3 = -r*l. Suppose -5*t + 2*b = -52, 6*t - 2*b - 32 = l*t. What is the units digit of t?
0
Suppose 0*x + 15*x = 9450. What is the tens digit of x?
3
Let x(n) = -2*n**3 + 26*n**2 - 16*n - 39. Let c(b) = b**3 - 13*b**2 + 8*b + 19. Let k(z) = 13*c(z) + 6*x(z). What is the hundreds digit of k(13)?
1
Suppose 703 = 17*x + 20*x. What is the tens digit of x?
1
Let w(y) = -3*y - 21. Let d be w(-9). Suppose k - 5 = d*k, -5*f + 105 = -5*k. What is the tens digit of f?
2
What is the units digit of 975 - 2/4*6?
2
Let t(u) = -u**3 + 4*u**2 - 3*u + 1. Let l be t(2). What is the tens digit of 10 + 0 - (-2 + l + -2)?
1
Let f(w) = w**3 - w**2 + w. Let o(j) = 27*j**3 + j. Let h(y) = -2*f(y) + o(y). What is the tens digit of h(1)?
2
Let o(f) = f**3 + 4*f**2 + 5*f + 5. Let b be o(-3). What is the units digit of (((-8)/12)/((-4)/(-426)))/b?
1
Let i(d) = -8*d**3 - 11*d**2 - 22*d + 1. What is the thousands digit of i(-8)?
3
Suppose -j + 1 = 3*y, 2*j - 7*j + 2*y = 29. Let d be (j/3)/(3/(-9)). Suppose -3*a = -m - 7, -4*m + 3 + d = -3*a. What is the units digit of a?
4
What is the hundreds digit of 4/18 - 528814/(-198)?
6
Let l be (-74)/(-3) - (-1)/3. Suppose 3*p + n - 13 = 0, -n + 5*n = -3*p + l. Suppose -3*k + 3*z = -30, -k + 4 - 2 = p*z. What is the units digit of k?
8
Let g(f) = 3*f + 4. Let b be g(0). Let d(o) = 5*o + 7. What is the units digit of d(b)?
7
Let x(i) = 8*i - 16. Let z(k) = k**2 - 2*k. Let f be z(3). Suppose 0 = d - 4 - f. What is the units digit of x(d)?
0
Let i = 3 - -32. Let g be i/15 - (-2)/3. Suppose 3*m - g = -2*k + 8, 0 = -5*m - 25. What is the units digit of k?
3
Let m(l) = -2*l - 6. Suppose -3*g + 15 = 0, 3*s - 3*g = 4*s - 15. Let v be m(s). Let k = v + 35. What is the tens digit of k?
2
Let k(l) = 3*l**2 - 3*l**2 - l**3 + 0*l + 4*l - 5 - 8*l**2. Let v be k(-9). Suppose -6*c = -2*c - v. What is the tens digit of c?
1
Suppose -b - 295 = -1531. What is the units digit of b?
6
Let l = -357 - -416. What is the tens digit of l?
5
Suppose -3*n + 0*i - 2*i + 10 = 0, 0 = 2*n + 4*i - 12. Let a be 18/(-3*3/(-66)). Suppose n*r = -r + a. What is the tens digit of r?
4
Suppose w + 3*w + 5*j - 52 = 0, -5*w + 65 = -2*j. Suppose -2*c = -w*c + 2365. What is the hundreds digit of c?
2
Let r = -134 - -45. Let a = r + 93. What is the units digit of a?
4
What is the tens digit of ((-6)/9)/((-13)/5538)?
8
What is the hundreds digit of (310/(-1))/(-6*10/330)?
7
Let b = 885 - -3010. What is the units digit of b?
5
Suppose -9268 = 177*l - 184*l. What is the thousands digit of l?
1
Let l = 1319 + -848. What is the units digit of l?
1
Let x(q) = -q**3 + 6*q**2 - 4*q - 2. Suppose 6*i - 9*i = -15. Let f be x(i). Suppose -4*t + 96 = -f*b, -4*t + b + 60 = -28. What is the units digit of t?
1
Suppose -29*p = -4173 - 32. What is the tens digit of p?
4
Let s be 31*(3 + -3 + 1). Let l = -91 - -91. Suppose -y + l*y = -s. What is the units digit of y?
1
Let y = 550 - 254. What is the hundreds digit of y?
2
Suppose -3*p = 2*a - 11 - 29, 2*p + 2*a - 24 = 0. Let b = 1 - 14. Let h = p + b. What is the units digit of h?
3
Let f = 2366 - 48. What is the units digit of f?
8
Let c(t) = -2 + 2*t + 2*t**2 + 8 + 5*t - 2. Let z be 68/(-18) + 24/(-108). What is the units digit of c(z)?
8
Let g = -7 + 70. What is the units digit of 356/3 + (-3)/g*-7?
9
Let s(c) = -3*c - 10. Let i = -26 + 21. Let f = -18 - i. What is the tens digit of s(f)?
2
Let g = 2348 + -705. What is the units digit of g?
3
Let n(w) = -w**3 - 22*w**2 - 55*w + 13. What is the units digit of n(-23)?
7
Suppose 4*f = 3*f + 40. Suppose -5*p + p = -f. Suppose -5*x - 4*v - 126 = -p*x, -2*x + 3*v = -49. What is the tens digit of x?
2
Let h be (-1)/(-3) + (-40)/12. Let s(n) = -4*n**3 - 3*n**2 + n - 7. What is the units digit of s(h)?
1
Suppose 2*k - 12594 = -4*q, 16*k = 14*k + 2. What is the thousands digit of q?
3
Let j(r) be the second derivative of 0 - 1/4*r**5 - 1/2*r**2 + 1/12*r**4 - 1/2*r**3 - 6*r. What is the tens digit of j(-2)?
4
Suppose 5*i + 3 = 3*h - 3, -4*i - 2*h + 4 = 0. Let t = 61 + -56. Suppose -5*u + 3*a + 3 = i, -t*u + a - 4*a + 27 = 0. What is the units digit of u?
3
Let o = -30 + 16. What is the tens digit of ((20/(-8) - 0) + -2)*o?
6
Let a(h) = -h**3 + 4*h**2 - 3*h + 1. Let g be a(2). Suppose 0 = -6*j + g*j + 48. Suppose -4*d + 0 - 4 = 3*f, -4*d - j = 0. What is the units digit of f?
4
Let x be (-7)/(-2*2/12). Suppose c - 5*n - 7 = -3*n, c + 5*n - x = 0. Let g = 21 - c. What is the tens digit of g?
1
Suppose -1548*s + 1541*s = -13510. What is the thousands digit of s?
1
Suppose 2*a = 52 + 44. What is the tens digit of (-1488)/a*-1*(1 - 0)?
3
Let a(y) = 427*y**2 + 14*y + 40. What is the tens digit of a(-2)?
2
Let x(y) = 8*y**3 + y**2. Let v be x(-1). Let k = -7 - v. Suppose k*h = -3*h + 114. What is the tens digit of h?
3
Let u = -583 + 3414. What is the tens digit of u?
3
Suppose 62*l - 59*l = 0, 3426 = 3*o + 2*l. What is the hundreds digit of o?
1
Let j be (-1)/(12/(-36704)) - (-8)/6. What is the tens digit of 8/52 + j/52?
5
Let x(t) = -9*t**3 - 3*t**2 - t - 7. What is the tens digit of x(-3)?
1
Let u be 6/(-4)*(1 + 978/(-18)). Let g = 87 - u. What is the units digit of g?
7
Suppose 11*c = -84 + 95. Let k(h) = 55*h + 15. Let a(t) = -28*t - 7. Let j(v) = -9*a(v) - 4*k(v). What is the units digit of j(c)?
5
Suppose -8836 + 36252 = 8*h. What is the units digit of h?
7
Suppose -2*s - 34 = -10. Let i(w) = w**3 + 12*w**2 - 1. Let n be i(s). What is the units digit of n - (-3 - (7 - -2))?
1
Let r(c) = -12*c - 19. Let y(q) = 13*q + 20. Let o(i) = -6*r(i) - 5*y(i). What is the units digit of o(5)?
9
Let i(b) = 22*b**2 + 9*b + 24. Let s be i(-4). Suppose -l - l + 215 = -3*g, 3*l = g + s. What is the hundreds digit of l?
1
Suppose 2*z - 2 - 2 = 0. What is the units digit of 43 + 3 + (z - 2)?
6
Suppose -790 = 65*t - 67*t. What is the tens digit of t?
9
Suppose 116*h - 124*h + 256 = 0. What is the units digit of h?
2
Let n(y) = 331*y**3 + 2*y**2 - 1. What is the hundreds digit of n(1)?
3
Suppose -2*r + 3*w = -1615, -r + 4*w + 777 = -33. What is the units digit of r?
6
Suppose 0*b + 16*b - 2912 = 0. Suppose 139 = 4*l - 4*k - 73, -2*k + b = 4*l. What is the units digit of l?
8
Let k(u) = u**2 - 9*u + 12. Suppose 3*q = -q - o + 23, o = -3*q + 18. Let d be k(q). Let r(t) = 2*t**2 + 10*t - 8. What is the tens digit of r(d)?
4
Suppose 78 = 3*f + j - 178, -1 = -j. What is the units digit of f?
5
Suppose 0 = -5*k + 5*t + 605, 3*k - 351 = 2*t + 9. What is the tens digit of k?
1
Suppose -26*i = -7*i - 4959. What is the units digit of i?
1
Let q be ((-2)/4)/(2/(-8)). Let r(t) = -2*t**2 + 12*t + 12. Let b be r(6). What is the tens digit of 123/b*(q - -2)?
4
Let c = 39 - 14. Let d be (1/3)/(((-3)/(-306))/1). Let k = d - c. What is the units digit of k?
9
Let o(y) = y**2